{"id":154,"date":"2019-12-14T13:43:42","date_gmt":"2019-12-14T11:43:42","guid":{"rendered":"http:\/\/xn--jrg-werner-ecb.com\/?page_id=154"},"modified":"2020-11-13T15:41:44","modified_gmt":"2020-11-13T13:41:44","slug":"goetzendaemmerung-i-terra-narra","status":"publish","type":"page","link":"https:\/\/xn--jrg-werner-ecb.com\/index.php\/goetzendaemmerung-i-terra-narra\/","title":{"rendered":"G\u00f6tzend\u00e4mmerung I &#8211; Terra Narra"},"content":{"rendered":"\n<p class=\"has-text-align-left\" style=\"font-size:20px\"><strong><a href=\"https:\/\/www.amazon.de\/G%C3%B6tzend%C3%A4mmerung-I-Das-Imperium-Engel-ebook\/dp\/B00QMHFKD2\/ref=sr_1_12?__mk_de_DE=%C3%85M%C3%85%C5%BD%C3%95%C3%91&amp;keywords=g%C3%B6tzend%C3%A4mmerung&amp;qid=1583842257&amp;sr=8-12\" target=\"_blank\" rel=\"noreferrer noopener\">Hier klicken f\u00fcr das E-Book.<\/a><br><a href=\"https:\/\/www.amazon.de\/G%C3%B6tzend%C3%A4mmerung-Terra-Narra-J%C3%B6rg-Werner\/dp\/3748585519\/ref=sr_1_3?__mk_de_DE=%C3%85M%C3%85%C5%BD%C3%95%C3%91&amp;keywords=g%C3%B6tzend%C3%A4mmerung+I&amp;qid=1583843245&amp;sr=8-3\" target=\"_blank\" rel=\"noreferrer noopener\">Hier klicken f\u00fcr das Taschenbuch.<\/a><\/strong><\/p>\n\n\n\n<div class=\"wp-block-image\"><figure class=\"alignleft size-medium\"><a href=\"https:\/\/www.amazon.de\/G%C3%B6tzend%C3%A4mmerung-I-Das-Imperium-Engel-ebook\/dp\/B00QMHFKD2\/ref=sr_1_1?__mk_de_DE=%C3%85M%C3%85%C5%BD%C3%95%C3%91&amp;keywords=g%C3%B6tzend%C3%A4mmerung+I&amp;qid=1583843200&amp;sr=8-1\"><img loading=\"lazy\" width=\"300\" height=\"186\" src=\"https:\/\/xn--jrg-werner-ecb.com\/wp-content\/uploads\/2019\/12\/GD1-300x186.png\" alt=\"\" class=\"wp-image-158\" srcset=\"https:\/\/xn--jrg-werner-ecb.com\/wp-content\/uploads\/2019\/12\/GD1-300x186.png 300w, https:\/\/xn--jrg-werner-ecb.com\/wp-content\/uploads\/2019\/12\/GD1-1024x636.png 1024w, https:\/\/xn--jrg-werner-ecb.com\/wp-content\/uploads\/2019\/12\/GD1-768x477.png 768w, https:\/\/xn--jrg-werner-ecb.com\/wp-content\/uploads\/2019\/12\/GD1.png 1042w\" sizes=\"(max-width: 300px) 100vw, 300px\" \/><\/a><\/figure><\/div>\n\n\n\n<p>Suchende fragen: \u201eWarum ist der Weg das Ziel?\u201c<\/p>\n\n\n\n<p><strong>Lama Yongdong<\/strong> antwortet: \u201eWeil\nman dann nie in die falsche Richtung l\u00e4uft.\u201c<\/p>\n\n\n\n<p><strong>Max Taschkes grotesker Trip ins Zentrum unserer\nGalaxie.<\/strong><\/p>\n\n\n\n<p>Bislang hatte Herr Taschke, ein bequemer, skeptischer Realist, Leute, die an Aliens, Ufos oder Engel glaubten, f\u00fcr ausgemachte Idioten gehalten. Umso unangenehmer, dass ausgerechnet die von ihm angebetete Eleonore von einem UFO entf\u00fchrt wird. So ist Herr Taschke gezwungen zu den Sternen zu reisen. Dabei bekommt er das, was er am meisten verabscheut: jede Menge Stress.<\/p>\n\n\n\n<div class=\"wp-block-image\"><figure class=\"alignright size-medium\"><a href=\"https:\/\/www.amazon.de\/G%C3%B6tzend%C3%A4mmerung-I-Das-Imperium-Engel-ebook\/dp\/B00QMHFKD2\/ref=sr_1_1?__mk_de_DE=%C3%85M%C3%85%C5%BD%C3%95%C3%91&amp;keywords=g%C3%B6tzend%C3%A4mmerung+I&amp;qid=1583843200&amp;sr=8-1\"><img loading=\"lazy\" width=\"188\" height=\"300\" src=\"https:\/\/xn--jrg-werner-ecb.com\/wp-content\/uploads\/2020\/01\/Go\u0308tzenFinale-1-188x300.jpg\" alt=\"\" class=\"wp-image-181\"\/><\/a><\/figure><\/div>\n\n\n\n<p>Dies\nist die Geschichte einer kosmischen Entf\u00fchrung und einer spirituellen Reise,\ndie zunehmend aus dem Ruder l\u00e4uft. Slapstick, Zen und Verschw\u00f6rungstheorie im\nAll.<\/p>\n\n\n\n<p>Ein\nhintergr\u00fcndiger Spa\u00df zu den Themen Sinnsuche, Selbstoptimierung und\nunerw\u00fcnschte Erleuchtung \u2013 dabei wird Herr Taschke st\u00e4ndig mit so l\u00e4stigen\nFragen konfrontiert wie: Was passiert wenn das Restrisiko auf die \u00fcblichen Bl\u00f6dm\u00e4nner trifft?\nOder wie wirklich ist die Wirklichkeit? <\/p>\n\n\n\n<p><strong><em>Douglas\nAdams m\u00e4\u00dfig, ein sch\u00f6ner Spa\u00df f\u00fcr alle denen der Engelskitsch schon lange auf\ndie Nerven geht.<\/em><\/strong><strong> <\/strong><em>(Master &amp;\nCommander &#8211; Amazon)<\/em><\/p>\n\n\n\n<p><strong>Die\nabgedrehten Abenteuer im All von Herrn Taschke und Lama Yongdong.<\/strong><\/p>\n","protected":false},"excerpt":{"rendered":"<p>Hier klicken f\u00fcr das E-Book.Hier klicken f\u00fcr das Taschenbuch. Suchende fragen: \u201eWarum ist der Weg das Ziel?\u201c Lama Yongdong antwortet:<a href=\"https:\/\/xn--jrg-werner-ecb.com\/index.php\/goetzendaemmerung-i-terra-narra\/\" class=\"more-link\"><span class=\"readmore\">Continue reading<span class=\"screen-reader-text\">G\u00f6tzend\u00e4mmerung I &#8211; Terra Narra<\/span><\/span><\/a><\/p>\n","protected":false},"author":1,"featured_media":0,"parent":0,"menu_order":0,"comment_status":"closed","ping_status":"closed","template":"","meta":{"_links_to":"","_links_to_target":""},"_links":{"self":[{"href":"https:\/\/xn--jrg-werner-ecb.com\/index.php\/wp-json\/wp\/v2\/pages\/154"}],"collection":[{"href":"https:\/\/xn--jrg-werner-ecb.com\/index.php\/wp-json\/wp\/v2\/pages"}],"about":[{"href":"https:\/\/xn--jrg-werner-ecb.com\/index.php\/wp-json\/wp\/v2\/types\/page"}],"author":[{"embeddable":true,"href":"https:\/\/xn--jrg-werner-ecb.com\/index.php\/wp-json\/wp\/v2\/users\/1"}],"replies":[{"embeddable":true,"href":"https:\/\/xn--jrg-werner-ecb.com\/index.php\/wp-json\/wp\/v2\/comments?post=154"}],"version-history":[{"count":10,"href":"https:\/\/xn--jrg-werner-ecb.com\/index.php\/wp-json\/wp\/v2\/pages\/154\/revisions"}],"predecessor-version":[{"id":470,"href":"https:\/\/xn--jrg-werner-ecb.com\/index.php\/wp-json\/wp\/v2\/pages\/154\/revisions\/470"}],"wp:attachment":[{"href":"https:\/\/xn--jrg-werner-ecb.com\/index.php\/wp-json\/wp\/v2\/media?parent=154"}],"curies":[{"name":"wp","href":"https:\/\/api.w.org\/{rel}","templated":true}]}}